{"id":243,"date":"2018-08-13T05:44:21","date_gmt":"2018-08-13T05:44:21","guid":{"rendered":"https:\/\/demo.themegrill.com\/zakra-cafe\/?page_id=2"},"modified":"2024-09-05T22:44:58","modified_gmt":"2024-09-05T22:44:58","slug":"home-2","status":"publish","type":"page","link":"https:\/\/cautiva.de\/","title":{"rendered":"Home"},"content":{"rendered":"\t\t<div data-elementor-type=\"wp-post\" data-elementor-id=\"243\" class=\"elementor elementor-243\">\n\t\t\t\t\t\t\t\t\t<section class=\"elementor-section elementor-top-section elementor-element elementor-element-255f9c07 elementor-section-content-middle elementor-section-full_width elementor-section-height-min-height elementor-section-height-default elementor-section-items-middle\" data-id=\"255f9c07\" data-element_type=\"section\" data-settings=\"{&quot;background_background&quot;:&quot;classic&quot;}\">\n\t\t\t\t\t\t\t<div class=\"elementor-background-overlay\"><\/div>\n\t\t\t\t\t\t\t<div class=\"elementor-container elementor-column-gap-default\">\n\t\t\t\t\t<main class=\"elementor-column elementor-col-100 elementor-top-column elementor-element elementor-element-6ca4b1de\" data-id=\"6ca4b1de\" data-element_type=\"column\">\n\t\t\t<div class=\"elementor-widget-wrap elementor-element-populated\">\n\t\t\t\t\t\t\t\t<div class=\"elementor-element elementor-element-1b37f386 elementor-widget elementor-widget-heading\" data-id=\"1b37f386\" data-element_type=\"widget\" data-widget_type=\"heading.default\">\n\t\t\t\t<div class=\"elementor-widget-container\">\n\t\t\t<h2 class=\"elementor-heading-title elementor-size-large\">your body is your temple<br>keep it pure and clean <br>for the soul to reside in<\/h2>\t\t<\/div>\n\t\t\t\t<\/div>\n\t\t\t\t<div class=\"elementor-element elementor-element-115f8869 elementor-widget elementor-widget-spacer\" data-id=\"115f8869\" data-element_type=\"widget\" data-widget_type=\"spacer.default\">\n\t\t\t\t<div class=\"elementor-widget-container\">\n\t\t\t\t\t<div class=\"elementor-spacer\">\n\t\t\t<div class=\"elementor-spacer-inner\"><\/div>\n\t\t<\/div>\n\t\t\t\t<\/div>\n\t\t\t\t<\/div>\n\t\t\t\t<div class=\"elementor-element elementor-element-6a30b33 elementor-widget elementor-widget-spacer\" data-id=\"6a30b33\" data-element_type=\"widget\" data-widget_type=\"spacer.default\">\n\t\t\t\t<div class=\"elementor-widget-container\">\n\t\t\t\t\t<div class=\"elementor-spacer\">\n\t\t\t<div class=\"elementor-spacer-inner\"><\/div>\n\t\t<\/div>\n\t\t\t\t<\/div>\n\t\t\t\t<\/div>\n\t\t\t\t\t<\/div>\n\t\t<\/main>\n\t\t\t\t\t\t\t<\/div>\n\t\t<\/section>\n\t\t\t\t<section class=\"elementor-section elementor-top-section elementor-element elementor-element-2686364 elementor-section-boxed elementor-section-height-default elementor-section-height-default\" data-id=\"2686364\" data-element_type=\"section\" data-settings=\"{&quot;background_background&quot;:&quot;classic&quot;}\">\n\t\t\t\t\t\t<div class=\"elementor-container elementor-column-gap-default\">\n\t\t\t\t\t<div class=\"elementor-column elementor-col-100 elementor-top-column elementor-element elementor-element-575e004\" data-id=\"575e004\" data-element_type=\"column\">\n\t\t\t<div class=\"elementor-widget-wrap elementor-element-populated\">\n\t\t\t\t\t\t\t\t<div class=\"elementor-element elementor-element-6069265 elementor-widget elementor-widget-text-editor\" data-id=\"6069265\" data-element_type=\"widget\" data-widget_type=\"text-editor.default\">\n\t\t\t\t<div class=\"elementor-widget-container\">\n\t\t\t\t\t\t\t<p><strong>WILLKOMMEN BEI CAUTIVA <\/strong><\/p><p><strong>WILLKOMMEN IN DER RUHE, ENTSPANNUNG UND ACHTSAMKEIT<\/strong><\/p>\t\t\t\t\t\t<\/div>\n\t\t\t\t<\/div>\n\t\t\t\t<div class=\"elementor-element elementor-element-6f0bde0 elementor-widget elementor-widget-spacer\" data-id=\"6f0bde0\" data-element_type=\"widget\" data-widget_type=\"spacer.default\">\n\t\t\t\t<div class=\"elementor-widget-container\">\n\t\t\t\t\t<div class=\"elementor-spacer\">\n\t\t\t<div class=\"elementor-spacer-inner\"><\/div>\n\t\t<\/div>\n\t\t\t\t<\/div>\n\t\t\t\t<\/div>\n\t\t\t\t<div class=\"elementor-element elementor-element-f9121e4 elementor-widget elementor-widget-text-editor\" data-id=\"f9121e4\" data-element_type=\"widget\" data-widget_type=\"text-editor.default\">\n\t\t\t\t<div class=\"elementor-widget-container\">\n\t\t\t\t\t\t\t<p>\u201eDer K\u00f6rper ist dein Tempel. Halte ihn sauber und rein, damit die Seele darin wohnen kann.\u201c (B. K. S. Iyengar) \u2013 Dieser Leitsatz steht am Anfang meiner Unterst\u00fctzung f\u00fcr mehr Ruhe, Entspannung, Achtsamkeit und Gesundheit in deinem Leben. Neben Gruppenkursen biete ich auch Einzelstunden, Workshops und Retreats an \u2013 sowohl f\u00fcr Privatpersonen als auch f\u00fcr Unternehmen.<\/p>\t\t\t\t\t\t<\/div>\n\t\t\t\t<\/div>\n\t\t\t\t\t<\/div>\n\t\t<\/div>\n\t\t\t\t\t\t\t<\/div>\n\t\t<\/section>\n\t\t\t\t<section class=\"elementor-section elementor-top-section elementor-element elementor-element-7bfd7905 elementor-section-boxed elementor-section-height-default elementor-section-height-default\" data-id=\"7bfd7905\" data-element_type=\"section\">\n\t\t\t\t\t\t<div class=\"elementor-container elementor-column-gap-default\">\n\t\t\t\t\t<div class=\"elementor-column elementor-col-100 elementor-top-column elementor-element elementor-element-76c93e83\" data-id=\"76c93e83\" data-element_type=\"column\">\n\t\t\t<div class=\"elementor-widget-wrap elementor-element-populated\">\n\t\t\t\t\t\t\t\t<div class=\"elementor-element elementor-element-3ad2cf9 elementor-align-center elementor-widget elementor-widget-button\" data-id=\"3ad2cf9\" data-element_type=\"widget\" data-widget_type=\"button.default\">\n\t\t\t\t<div class=\"elementor-widget-container\">\n\t\t\t\t\t<div class=\"elementor-button-wrapper\">\n\t\t\t<a href=\"https:\/\/cautiva.de\/kurse\" class=\"elementor-button-link elementor-button elementor-size-md\" role=\"button\">\n\t\t\t\t\t\t<span class=\"elementor-button-content-wrapper\">\n\t\t\t\t\t\t<span class=\"elementor-button-text\">Zu meinen Kursen<\/span>\n\t\t<\/span>\n\t\t\t\t\t<\/a>\n\t\t<\/div>\n\t\t\t\t<\/div>\n\t\t\t\t<\/div>\n\t\t\t\t<div class=\"elementor-element elementor-element-5631ed77 elementor-widget elementor-widget-html\" data-id=\"5631ed77\" data-element_type=\"widget\" data-widget_type=\"html.default\">\n\t\t\t\t<div class=\"elementor-widget-container\">\n\t\t\t<script> \njQuery(document).ready(function($) { \nvar delay = 100; setTimeout(function() { \n$('.elementor-tab-title').removeClass('elementor-active');\n $('.elementor-tab-content').css('display', 'none'); }, delay); \n}); \n<\/script>\t\t<\/div>\n\t\t\t\t<\/div>\n\t\t\t\t\t<\/div>\n\t\t<\/div>\n\t\t\t\t\t\t\t<\/div>\n\t\t<\/section>\n\t\t\t\t<section class=\"elementor-section elementor-top-section elementor-element elementor-element-4eb28623 elementor-section-height-min-height elementor-section-content-middle elementor-section-full_width elementor-section-height-default elementor-section-items-middle\" data-id=\"4eb28623\" data-element_type=\"section\" data-settings=\"{&quot;background_background&quot;:&quot;gradient&quot;}\">\n\t\t\t\t\t\t<div class=\"elementor-container elementor-column-gap-default\">\n\t\t\t\t\t<div class=\"elementor-column elementor-col-100 elementor-top-column elementor-element elementor-element-582b900\" data-id=\"582b900\" data-element_type=\"column\">\n\t\t\t<div class=\"elementor-widget-wrap elementor-element-populated\">\n\t\t\t\t\t\t\t\t<div class=\"elementor-element elementor-element-2c46523e elementor-widget elementor-widget-spacer\" data-id=\"2c46523e\" data-element_type=\"widget\" data-widget_type=\"spacer.default\">\n\t\t\t\t<div class=\"elementor-widget-container\">\n\t\t\t\t\t<div class=\"elementor-spacer\">\n\t\t\t<div class=\"elementor-spacer-inner\"><\/div>\n\t\t<\/div>\n\t\t\t\t<\/div>\n\t\t\t\t<\/div>\n\t\t\t\t<div class=\"elementor-element elementor-element-71eba8b0 elementor-widget elementor-widget-testimonial\" data-id=\"71eba8b0\" data-element_type=\"widget\" data-widget_type=\"testimonial.default\">\n\t\t\t\t<div class=\"elementor-widget-container\">\n\t\t\t\t\t<div class=\"elementor-testimonial-wrapper\">\n\t\t\t\t\t\t\t<div class=\"elementor-testimonial-content\">Wenn du den Kontakt mit deiner inneren Stille verlierst, so verlierst du den Kontakt mit dir selbst. <br>Wenn du den Kontakt mit dir selbst verlierst, verlierst du dich in der Welt.<br>- Eckart Tolle - <\/div>\n\t\t\t\n\t\t\t\t\t<\/div>\n\t\t\t\t<\/div>\n\t\t\t\t<\/div>\n\t\t\t\t<div class=\"elementor-element elementor-element-555f29f elementor-widget elementor-widget-image\" data-id=\"555f29f\" data-element_type=\"widget\" data-widget_type=\"image.default\">\n\t\t\t\t<div class=\"elementor-widget-container\">\n\t\t\t\t\t\t\t\t\t\t\t\t\t\t\t<img loading=\"lazy\" decoding=\"async\" width=\"319\" height=\"222\" src=\"https:\/\/cautiva.de\/wp-content\/uploads\/2021\/04\/Lotus.jpg\" class=\"attachment-large size-large\" alt=\"\" srcset=\"https:\/\/cautiva.de\/wp-content\/uploads\/2021\/04\/Lotus.jpg 319w, https:\/\/cautiva.de\/wp-content\/uploads\/2021\/04\/Lotus-300x209.jpg 300w\" sizes=\"auto, (max-width: 319px) 100vw, 319px\" \/>\t\t\t\t\t\t\t\t\t\t\t\t\t\t\t<\/div>\n\t\t\t\t<\/div>\n\t\t\t\t<div class=\"elementor-element elementor-element-5849797 elementor-widget elementor-widget-text-editor\" data-id=\"5849797\" data-element_type=\"widget\" data-widget_type=\"text-editor.default\">\n\t\t\t\t<div class=\"elementor-widget-container\">\n\t\t\t\t\t\t\t<p>Lebenskrisen, steigende Arbeits- oder Mehrfachbelastungen, sind in unserem Leben nahezu unumg\u00e4nglich.<\/p><p>Unter zu viel Stress verlieren wir schnell die Verbindung zu unserem K\u00f6rper und zu uns. Empfindungen, Wahrnehmungen und auch Warnsignale des K\u00f6rpers werden ausgeblendet. Anspannung und Unruhe steigen und werden fast schon als \u201eNormalzustand\u201c abgespeichert. Das Gesp\u00fcr daf\u00fcr, wie sich Ruhe anf\u00fchlt und was uns gut tut, geht verloren. Oft merken wir erst, dass etwas nicht stimmt, wenn wir krank werden, dasss etwas fehlt, dass wir uns fehlen!<\/p><p>Mit verschiedenen Entspannungsmethoden und Achtsamkeitstrainings zeige ich dir, wie du wieder mit dir in Kontakt kommst und dabei K\u00f6rper und Geist entspannst.<\/p>\t\t\t\t\t\t<\/div>\n\t\t\t\t<\/div>\n\t\t\t\t\t<\/div>\n\t\t<\/div>\n\t\t\t\t\t\t\t<\/div>\n\t\t<\/section>\n\t\t\t\t<section class=\"elementor-section elementor-top-section elementor-element elementor-element-558fba7 elementor-section-boxed elementor-section-height-default elementor-section-height-default\" data-id=\"558fba7\" data-element_type=\"section\">\n\t\t\t\t\t\t<div class=\"elementor-container elementor-column-gap-default\">\n\t\t\t\t\t<div class=\"elementor-column elementor-col-100 elementor-top-column elementor-element elementor-element-9b871ad\" data-id=\"9b871ad\" data-element_type=\"column\">\n\t\t\t<div class=\"elementor-widget-wrap elementor-element-populated\">\n\t\t\t\t\t\t\t\t<div class=\"elementor-element elementor-element-7e7dfc5 elementor-widget-divider--view-line elementor-widget elementor-widget-divider\" data-id=\"7e7dfc5\" data-element_type=\"widget\" data-widget_type=\"divider.default\">\n\t\t\t\t<div class=\"elementor-widget-container\">\n\t\t\t\t\t<div class=\"elementor-divider\">\n\t\t\t<span class=\"elementor-divider-separator\">\n\t\t\t\t\t\t<\/span>\n\t\t<\/div>\n\t\t\t\t<\/div>\n\t\t\t\t<\/div>\n\t\t\t\t<div class=\"elementor-element elementor-element-51f6b81 elementor-align-center elementor-widget elementor-widget-button\" data-id=\"51f6b81\" data-element_type=\"widget\" data-widget_type=\"button.default\">\n\t\t\t\t<div class=\"elementor-widget-container\">\n\t\t\t\t\t<div class=\"elementor-button-wrapper\">\n\t\t\t<a href=\"https:\/\/cautiva.de\/kurse\" class=\"elementor-button-link elementor-button elementor-size-md\" role=\"button\">\n\t\t\t\t\t\t<span class=\"elementor-button-content-wrapper\">\n\t\t\t\t\t\t<span class=\"elementor-button-text\">Zu meinen Kursen<\/span>\n\t\t<\/span>\n\t\t\t\t\t<\/a>\n\t\t<\/div>\n\t\t\t\t<\/div>\n\t\t\t\t<\/div>\n\t\t\t\t\t<\/div>\n\t\t<\/div>\n\t\t\t\t\t\t\t<\/div>\n\t\t<\/section>\n\t\t\t\t\t\t\t<\/div>\n\t\t","protected":false},"excerpt":{"rendered":"<p>your body is your templekeep it pure and clean for the soul to reside in WILLKOMMEN BEI CAUTIVA WILLKOMMEN IN DER RUHE, ENTSPANNUNG UND ACHTSAMKEIT \u201eDer K\u00f6rper ist dein Tempel. Halte ihn sauber und rein, damit die Seele darin wohnen kann.\u201c (B. K. S. Iyengar) \u2013 Dieser Leitsatz steht am Anfang meiner Unterst\u00fctzung f\u00fcr mehr [&hellip;]<\/p>\n","protected":false},"author":1,"featured_media":0,"parent":0,"menu_order":0,"comment_status":"closed","ping_status":"closed","template":"","meta":{"footnotes":""},"class_list":["post-243","page","type-page","status-publish","hentry"],"yoast_head":"<!-- This site is optimized with the Yoast SEO plugin v19.8 - https:\/\/yoast.com\/wordpress\/plugins\/seo\/ -->\n<title>Home -<\/title>\n<meta name=\"robots\" content=\"index, follow, max-snippet:-1, max-image-preview:large, max-video-preview:-1\" \/>\n<link rel=\"canonical\" href=\"https:\/\/cautiva.de\/\" \/>\n<meta property=\"og:locale\" content=\"de_DE\" \/>\n<meta property=\"og:type\" content=\"article\" \/>\n<meta property=\"og:title\" content=\"Home -\" \/>\n<meta property=\"og:description\" content=\"your body is your templekeep it pure and clean for the soul to reside in WILLKOMMEN BEI CAUTIVA WILLKOMMEN IN DER RUHE, ENTSPANNUNG UND ACHTSAMKEIT \u201eDer K\u00f6rper ist dein Tempel. Halte ihn sauber und rein, damit die Seele darin wohnen kann.\u201c (B. K. S. Iyengar) \u2013 Dieser Leitsatz steht am Anfang meiner Unterst\u00fctzung f\u00fcr mehr [&hellip;]\" \/>\n<meta property=\"og:url\" content=\"https:\/\/cautiva.de\/\" \/>\n<meta property=\"article:modified_time\" content=\"2024-09-05T22:44:58+00:00\" \/>\n<meta property=\"og:image\" content=\"https:\/\/cautiva.de\/wp-content\/uploads\/2021\/04\/Lotus.jpg\" \/>\n<meta name=\"twitter:card\" content=\"summary_large_image\" \/>\n<meta name=\"twitter:label1\" content=\"Gesch\u00e4tzte Lesezeit\" \/>\n\t<meta name=\"twitter:data1\" content=\"2\u00a0Minuten\" \/>\n<script type=\"application\/ld+json\" class=\"yoast-schema-graph\">{\"@context\":\"https:\/\/schema.org\",\"@graph\":[{\"@type\":\"WebPage\",\"@id\":\"https:\/\/cautiva.de\/\",\"url\":\"https:\/\/cautiva.de\/\",\"name\":\"Home -\",\"isPartOf\":{\"@id\":\"https:\/\/cautiva.de\/#website\"},\"datePublished\":\"2018-08-13T05:44:21+00:00\",\"dateModified\":\"2024-09-05T22:44:58+00:00\",\"breadcrumb\":{\"@id\":\"https:\/\/cautiva.de\/#breadcrumb\"},\"inLanguage\":\"de\",\"potentialAction\":[{\"@type\":\"ReadAction\",\"target\":[\"https:\/\/cautiva.de\/\"]}]},{\"@type\":\"BreadcrumbList\",\"@id\":\"https:\/\/cautiva.de\/#breadcrumb\",\"itemListElement\":[{\"@type\":\"ListItem\",\"position\":1,\"name\":\"Startseite\",\"item\":\"https:\/\/cautiva.de\/\"},{\"@type\":\"ListItem\",\"position\":2,\"name\":\"Home\"}]},{\"@type\":\"WebSite\",\"@id\":\"https:\/\/cautiva.de\/#website\",\"url\":\"https:\/\/cautiva.de\/\",\"name\":\"\",\"description\":\"Entspannung - Achtsamkeit - Gesundheit\",\"publisher\":{\"@id\":\"https:\/\/cautiva.de\/#organization\"},\"potentialAction\":[{\"@type\":\"SearchAction\",\"target\":{\"@type\":\"EntryPoint\",\"urlTemplate\":\"https:\/\/cautiva.de\/?s={search_term_string}\"},\"query-input\":\"required name=search_term_string\"}],\"inLanguage\":\"de\"},{\"@type\":\"Organization\",\"@id\":\"https:\/\/cautiva.de\/#organization\",\"name\":\"Cautiva Mindfulness\",\"url\":\"https:\/\/cautiva.de\/\",\"sameAs\":[\"https:\/\/www.instagram.com\/cautiva.de\/\"],\"logo\":{\"@type\":\"ImageObject\",\"inLanguage\":\"de\",\"@id\":\"https:\/\/cautiva.de\/#\/schema\/logo\/image\/\",\"url\":\"https:\/\/cautiva.de\/wp-content\/uploads\/2021\/05\/87B2EE39-F92D-4401-A588-9583AD9A5A8F.png\",\"contentUrl\":\"https:\/\/cautiva.de\/wp-content\/uploads\/2021\/05\/87B2EE39-F92D-4401-A588-9583AD9A5A8F.png\",\"width\":500,\"height\":500,\"caption\":\"Cautiva Mindfulness\"},\"image\":{\"@id\":\"https:\/\/cautiva.de\/#\/schema\/logo\/image\/\"}}]}<\/script>\n<!-- \/ Yoast SEO plugin. -->","yoast_head_json":{"title":"Home -","robots":{"index":"index","follow":"follow","max-snippet":"max-snippet:-1","max-image-preview":"max-image-preview:large","max-video-preview":"max-video-preview:-1"},"canonical":"https:\/\/cautiva.de\/","og_locale":"de_DE","og_type":"article","og_title":"Home -","og_description":"your body is your templekeep it pure and clean for the soul to reside in WILLKOMMEN BEI CAUTIVA WILLKOMMEN IN DER RUHE, ENTSPANNUNG UND ACHTSAMKEIT \u201eDer K\u00f6rper ist dein Tempel. Halte ihn sauber und rein, damit die Seele darin wohnen kann.\u201c (B. K. S. Iyengar) \u2013 Dieser Leitsatz steht am Anfang meiner Unterst\u00fctzung f\u00fcr mehr [&hellip;]","og_url":"https:\/\/cautiva.de\/","article_modified_time":"2024-09-05T22:44:58+00:00","og_image":[{"url":"https:\/\/cautiva.de\/wp-content\/uploads\/2021\/04\/Lotus.jpg"}],"twitter_card":"summary_large_image","twitter_misc":{"Gesch\u00e4tzte Lesezeit":"2\u00a0Minuten"},"schema":{"@context":"https:\/\/schema.org","@graph":[{"@type":"WebPage","@id":"https:\/\/cautiva.de\/","url":"https:\/\/cautiva.de\/","name":"Home -","isPartOf":{"@id":"https:\/\/cautiva.de\/#website"},"datePublished":"2018-08-13T05:44:21+00:00","dateModified":"2024-09-05T22:44:58+00:00","breadcrumb":{"@id":"https:\/\/cautiva.de\/#breadcrumb"},"inLanguage":"de","potentialAction":[{"@type":"ReadAction","target":["https:\/\/cautiva.de\/"]}]},{"@type":"BreadcrumbList","@id":"https:\/\/cautiva.de\/#breadcrumb","itemListElement":[{"@type":"ListItem","position":1,"name":"Startseite","item":"https:\/\/cautiva.de\/"},{"@type":"ListItem","position":2,"name":"Home"}]},{"@type":"WebSite","@id":"https:\/\/cautiva.de\/#website","url":"https:\/\/cautiva.de\/","name":"","description":"Entspannung - Achtsamkeit - Gesundheit","publisher":{"@id":"https:\/\/cautiva.de\/#organization"},"potentialAction":[{"@type":"SearchAction","target":{"@type":"EntryPoint","urlTemplate":"https:\/\/cautiva.de\/?s={search_term_string}"},"query-input":"required name=search_term_string"}],"inLanguage":"de"},{"@type":"Organization","@id":"https:\/\/cautiva.de\/#organization","name":"Cautiva Mindfulness","url":"https:\/\/cautiva.de\/","sameAs":["https:\/\/www.instagram.com\/cautiva.de\/"],"logo":{"@type":"ImageObject","inLanguage":"de","@id":"https:\/\/cautiva.de\/#\/schema\/logo\/image\/","url":"https:\/\/cautiva.de\/wp-content\/uploads\/2021\/05\/87B2EE39-F92D-4401-A588-9583AD9A5A8F.png","contentUrl":"https:\/\/cautiva.de\/wp-content\/uploads\/2021\/05\/87B2EE39-F92D-4401-A588-9583AD9A5A8F.png","width":500,"height":500,"caption":"Cautiva Mindfulness"},"image":{"@id":"https:\/\/cautiva.de\/#\/schema\/logo\/image\/"}}]}},"_links":{"self":[{"href":"https:\/\/cautiva.de\/index.php?rest_route=\/wp\/v2\/pages\/243","targetHints":{"allow":["GET"]}}],"collection":[{"href":"https:\/\/cautiva.de\/index.php?rest_route=\/wp\/v2\/pages"}],"about":[{"href":"https:\/\/cautiva.de\/index.php?rest_route=\/wp\/v2\/types\/page"}],"author":[{"embeddable":true,"href":"https:\/\/cautiva.de\/index.php?rest_route=\/wp\/v2\/users\/1"}],"replies":[{"embeddable":true,"href":"https:\/\/cautiva.de\/index.php?rest_route=%2Fwp%2Fv2%2Fcomments&post=243"}],"version-history":[{"count":388,"href":"https:\/\/cautiva.de\/index.php?rest_route=\/wp\/v2\/pages\/243\/revisions"}],"predecessor-version":[{"id":3221,"href":"https:\/\/cautiva.de\/index.php?rest_route=\/wp\/v2\/pages\/243\/revisions\/3221"}],"wp:attachment":[{"href":"https:\/\/cautiva.de\/index.php?rest_route=%2Fwp%2Fv2%2Fmedia&parent=243"}],"curies":[{"name":"wp","href":"https:\/\/api.w.org\/{rel}","templated":true}]}}